w. Let z(u) = -u**3 - 8*u**2 - 9*u - 7. Calculate z(h).
7
Let h = 12 - 4. Suppose 0 = 4*y + 5*n - 0 + 6, 4*n = -y - 7. Let k(w) = -3*w + y - w - 3 + 5*w. What is k(h)?
6
Let y = -4 + 8. Let z(w) = w**2 + w - 1. Let r(d) = -3*d**2 - 3*d + 2. Let c(a) = y*z(a) + r(a). Suppose -v + 5*v = 0. What is c(v)?
-2
Let q(h) = -2*h - 4. Suppose -58*p = -51*p - 35. Determine q(p).
-14
Let i(a) = a + 7. Let l be i(3). Let y(o) = 4*o + 3*o - l*o - 1. Let v be (2 - 3)*1*3. Calculate y(v).
8
Let t = 1 + -19. Let v = t - -20. Let r(y) = -y**3 + 3*y**2 + y - 2. Determine r(v).
4
Let k(n) = 4*n - 2. Let x be (-5)/2*4/(-5). Suppose x*i = 3*i + 1. Let y = 3 + i. Determine k(y).
6
Suppose -31*a - 6*a = 333. Let l(c) = -c - 10. Calculate l(a).
-1
Let u(l) = l**3 - 6*l**2 - 6*l - 4. Suppose 0 = -4*y + i + 27, 5*i - 2*i - 38 = -5*y. Calculate u(y).
3
Let t be (-3 + 3 + -3)*-1. Let l(v) = v + 1 + 3*v**t - 2*v**3 + 8 - v**2. Calculate l(0).
9
Suppose 24 - 89 = -5*l. Let k(j) = -1 - j + 5*j**2 + l*j**3 + 2*j**3 - 14*j**3. Give k(-5).
4
Let k(n) = -n**3 + 3*n**2 + n - 1. Suppose -9*q = -13 + 4. Let i(h) = h**3 - h**2 + 1. Let d(m) = q*k(m) + 2*i(m). Determine d(-1).
0
Let f(u) = 4*u**2 - 3*u**2 + 20 - 7. Suppose 5412*l - 5425*l = 0. Determine f(l).
13
Suppose 5*r + 74 - 4 = 0. Let z(b) = b + 12. Determine z(r).
-2
Let l(x) = -2*x**3 - 21*x**2 + 9*x - 24. Let b be l(-11). Let h(c) = -33*c - 3. What is h(b)?
63
Let p(w) = -3*w + 29. Let q(o) = -o + 16. Let g(f) = 6*p(f) - 11*q(f). Determine g(-1).
5
Let w(d) = -d**3 + 7*d**2 - 7*d + 13. Let h be w(6). Let i(f) = -43*f + f**3 + 43*f + 2*f**2 - 6 - 9*f**2. Determine i(h).
-6
Suppose -7*d = -13*d + 18. Let y(w) = -397 - 2*w**2 - 5*w**d + 396 + 3*w**2. Determine y(-1).
5
Suppose -5*y + 15 + 45 = 0. Let v(u) = 11*u**2 - 3 + 4*u + 3*u - y*u**2. Determine v(6).
3
Let o be (-8)/12 - (-57)/(-9). Let w(f) = -4*f - 3*f**2 + 12 - f**3 - 5*f**2 - 2. Calculate w(o).
-11
Let b(w) = -4*w + 1. Suppose t = -4*p + 22, -p - 114 = -4*t - 4*p. Let v be t/9 - (-8)/12. Suppose 0 = -y - 4*l + 10, 2*y - v*y + l = 7. Give b(y).
9
Let g(o) = o**3 - 8*o**2 + 7*o - 7. Let m(a) = 1. Let h(c) = g(c) + 2*m(c). Give h(4).
-41
Let y(g) = -g**2 + 2*g**3 - 2 + 2*g - 6*g**3 + 1. Suppose 23 = 7*q + 16. Let x be y(q). Let s(l) = l**3 + 6*l**2 + 5*l - 4. Calculate s(x).
8
Suppose 2*n = -0*l - l + 15, l = 5*n - 48. Let c(s) be the third derivative of -s**4/24 + s**3/2 - 795*s**2. Determine c(n).
-6
Let s(i) = -5*i + 4. Let u be (-1 - -6)*(3 + 2). Let t = u - 21. What is s(t)?
-16
Let i = -38 - -30. Let x be -2*(-3 + (-28)/i). Let b(n) = 5*n**3. What is b(x)?
-5
Let i(b) = -b**2 - 8*b - 1. Let t(x) = -6*x - 2. Let v be t(1). Determine i(v).
-1
Let l(a) = a - 4. Let f be l(4). Let z be 10/10 + (-19 - f). Let y be 12/z - 22/(-6). Let v(j) = j**3 - 4*j**2 + 2*j + 4. Calculate v(y).
1
Let r(m) = m**3 + 8*m**2 - 10*m + 13. Let l be (-14)/(-42) - 28*(-4)/(-12). Calculate r(l).
22
Let q(i) = -i**3 - 5*i**2 - i - 1. Suppose -21 = -2*s - 27. What is q(s)?
-16
Let l(w) be the second derivative of w**3/3 - 13*w**2/2 + 125*w. What is l(-9)?
-31
Let c(j) = j**2 + 6*j + 7. Let x(p) = -p**3 - 35*p**2 + 2*p + 67. Let k be x(-35). Determine c(k).
-2
Let u(v) = v**3 - 6*v**2 + 6*v + 2. Let t(h) = -2*h**3 + 14*h**2 + 5. Let o be 172/24 + 1/(-6). Let f be t(o). Calculate u(f).
7
Let k be 11/(-2) + (-9)/18. Let p = -4 - k. Let y(t) = -t**p + 0*t**2 + 2*t**2. What is y(-1)?
1
Suppose 19*f - 20*f + 3 = 0. Let c(i) be the first derivative of 2 + 1/4*i**4 - 2*i + 4/3*i**f + 0*i**2. Determine c(-3).
7
Let t(c) = -2*c**2 + 6*c - 2. Let z = 321 - 315. Calculate t(z).
-38
Let j = 3 - 3. Suppose 4 = -m + s, j = 5*m - 2*s + s. Let d(l) = -2*l + 1. Calculate d(m).
-1
Let p = -2 - -6. Let h be p/((-4)/3) + -5. Let z(d) be the first derivative of -d**2/2 - 8*d + 163. Give z(h).
0
Let m(r) = -4*r + 1. Let o(q) = 11*q - 4. Let y(f) = 8*m(f) + 3*o(f). Let z be y(5). Let x(w) = -z - w + 7*w**3 - w + w**2 - 6*w**3 - 4*w**2. Calculate x(4).
7
Let h = 39 + -38. Let w(t) = -3*t**2 - h - 3*t**2 + 3*t**2. Let x = 6 + -7. What is w(x)?
-4
Suppose 0 = -3*z + 2*v - 16, z + 5*v + 19 + 9 = 0. Let j be 2*(12/z - 2). Let p(c) = -1. Let m(r) = -r**2 - 7*r + 12. Let o(s) = -m(s) - 2*p(s). Give o(j).
-10
Let v be -6 + -3 - (-18)/2. Let s(g) = g**3 + 2*g. Give s(v).
0
Let h(j) = -j + 1. Let g(o) = -6 - o**3 - 1 + 61*o**2 - 57*o**2 + 6*o. Let w = -6 - -7. Let v(f) = w*g(f) + 5*h(f). What is v(4)?
2
Let r(i) = 2 - 256*i + 126*i + 125*i. Determine r(1).
-3
Let b(a) be the second derivative of a**5/20 + 2*a**4/3 + a**3/6 + 5*a**2 - 35*a. What is b(-8)?
2
Let u(m) = -m**2 - m - 5. Let y(f) = 7*f - 19*f - 9 + 8*f. Let a be y(-5). Let z = 11 - a. Determine u(z).
-5
Let a(k) = -k - 2. Let x = -982 - -982. Determine a(x).
-2
Suppose -2*h - 9 = -3, 3*h + 29 = -4*d. Let c(o) = -o**2 + 5*o + 7. Let k(t) = 3*t**2 - 10*t - 14. Let b(y) = -5*c(y) - 2*k(y). What is b(d)?
-7
Let o(p) be the first derivative of -p**2 - 25*p - 592. Determine o(-14).
3
Suppose -f = 1 - 2, -3*s - f + 7 = 0. Let t(i) = 2 - i + i**3 - 7 - 4*i**s + 5 + 2. Calculate t(4).
-2
Let f(t) = 0*t**3 + t + 19 - 3*t**3 + 15*t**2 + 4*t**3. Let u = -133 + 118. Let b be f(u). Let h(a) = -2*a**2 + 5*a - 4. Calculate h(b).
-16
Let k(j) = -78*j**3 - 1 - 82*j**3 + 3*j**2 + 161*j**3 - 2*j. Calculate k(-3).
5
Suppose 4*a - 1 = -5. Let u be (-3 - (-1 - 4)) + a. Let s(p) = -10*p + 1. Calculate s(u).
-9
Let s = -32 - -33. Let k(l) = 3 + 5*l - 4 + 2. Let a be k(s). Let z(d) = d**3 - 5*d**2 - 5*d + 3. Determine z(a).
9
Let c(j) be the second derivative of 1/2*j**3 - 9/2*j**2 - 15*j + 0. What is c(8)?
15
Let z(r) = -3*r**2 - 9*r + 78. Let l(a) = a**2 + 3*a - 27. Let p(b) = -11*l(b) - 4*z(b). What is p(-5)?
-5
Let w = -24 + 26. Let y(h) = -6*h - w + 1 + h**2 + 4*h - 3. Calculate y(4).
4
Suppose 2*o - 5 = 3. Let p = -312 - -441. Let z(j) = p*j + 3 - 65*j - 66*j. Give z(o).
-5
Let z(c) = 3*c - 3. Let w = -166 - -168. Let r(k) = -10*k + 11. Let y(j) = w*r(j) + 7*z(j). What is y(5)?
6
Let b(c) = -3*c + 8. Suppose 0 = -20*j + 8*j + 24. Suppose -2*h - 3*h = i + 9, -4*i + h = -27. Let z be i/(2 + 1 - j). Determine b(z).
-10
Let o(f) = 731 - 120*f + 123*f - 748. Determine o(4).
-5
Let v(a) be the second derivative of a**5/4 + a**4/12 - a**2/2 + 77*a. Let s(p) = -p**3 - 6*p**2 - 7*p - 11. Let y be s(-5). What is v(y)?
-5
Let y(o) = -4*o**2 - 2*o + 2. Let z(t) = -3*t**3 + 11*t**2 - 7*t + 1. Let w be z(3). Determine y(w).
-10
Let n(p) be the first derivative of p**2/2 + 13*p - 12. Suppose -8*h + 3*h = -4*g - 69, 5*g = h - 60. Determine n(g).
2
Let u(t) = -37*t + 20. Let d(k) = 105*k - 59. Let a(c) = 6*d(c) + 17*u(c). Determine a(10).
-4
Let a(o) = -6*o**3 - 7*o**2 - 3*o + 2. Let q(s) = 3*s**3 + 3*s**2 + s - 1. Let n(r) = 3*a(r) + 7*q(r). Let t be (2/(-3) + (-6)/18)/1. Calculate n(t).
-2
Let f be (20/15)/(2 - (-28)/(-15)). Let l(v) = 11 + v - f*v - 3*v - 8. Calculate l(2).
-21
Let f = -827 + 823. Suppose 4 = x + 2. Let j(l) = -l**3 - l**2 - 5*l**2 + 2*l**x + 1. Give j(f).
1
Let j(p) = -p**2 - 12*p - 35. Let m(w) = -4*w**3 + 10*w**2 + 9*w - 19. Let h be m(3). Determine j(h).
-15
Let f(q) be the third derivative of 7*q**2 + 0*q - 1/8*q**4 + 1/3*q**3 + 0. Let i = 16 + -18. What is f(i)?
8
Let s(a) = 4*a - 9. Suppose 12 = 2*x + 4*v, -3*x = -v - 6 - 12. Determine s(x).
15
Let j(d) = 2*d - 5. Let l be j(5). Let y(c) be the third derivative of 1/6*c**4 + 2/3*c**3 + 1/15*c**5 + 0 - 1/120*c**6 + 0*c - 21*c**2. Determine y(l).
-1
Let s(g) = -g**3 + 3*g**2 + 4*g + 4. Let a be s(4). Suppose -z + a - 7 = 0. Let u(k) be the first derivative of -k**4/2 - k**3 + 5*k**2/2 + 2*k - 5. Give u(z).
14
Let q(d) = -d + 4. Suppose -6 = 2*k - y - 28, -4*y + 42 = 5*k. Calculate q(k).
-6
Let u be (-14)/7*(-9)/6. Let c(b) = -b**3 - 12 + 11 + 2*b**2 - b + 2*b**u. Let k = 0 + 2. Determine c(k).
13
Let s(m) = m**2 - 17*m + 35. Let b be s(15). Let t(r) = b*r - 6*r + 3*r + 2 - r. Let l(w) = -w**3 + 6*w**2 + w - 6. Let c be l(6). Determine t(c).
2
Let t(i) = -i**3 + 8*i**2 - 12*i + 37. Let v be t(7). Let j(q) = 2*q**3 + 4*q**2 - 4*q + 2. What is j(v)?
26
Let y(m) = 10*m + 3. Let i(b) = -3*b - 1. Let x(j) = -7*i(j) - 2*y(j). Let a(h) = 25*h - 91. Let s be a(11). Let z = 182 - s. Give x(z).
-1
Let x(p) = p - p - p**2 - 3. Let g b